of 22 and v.
22
Suppose -5*n = -0*n - 25. What is the highest common factor of 45 and n?
5
Let x(k) = 3*k**2 - 8*k - 3. Let j be x(7). What is the highest common factor of 11 and j?
11
Suppose 0 = 4*b - 4 - 8. Calculate the highest common factor of b and 3.
3
Let n(j) = 10*j**2 + 2. Let z be n(2). Let f be (18/(-8))/((-66)/48 + 1). What is the greatest common divisor of z and f?
6
Let p = -63 - -65. Calculate the greatest common divisor of 16 and p.
2
Suppose -g + 23 + 12 = 0. Let y = -20 + g. What is the greatest common factor of 5 and y?
5
Suppose 5*v = 4*n + 112 + 34, -3*n - 109 = -4*v. Let j be (-1)/((-2)/2) + n. Let c = -2 - j. What is the greatest common divisor of 4 and c?
4
Let s(z) = -2*z**2 - 13*z - 3. Let q be s(-5). What is the greatest common divisor of 12 and q?
12
Suppose -3 + 21 = 3*o. What is the highest common divisor of o and 24?
6
Let t(d) = 2*d + 4. Let b be t(4). Let a = 9 + -6. Suppose 4*k - 30 = a*k. Calculate the highest common divisor of k and b.
6
Let l(t) = t**3 + 8*t**2 - t - 4. Let u be l(-8). Let n(i) = 3*i**2 - 4*i + 1. Let b be n(u). Let w = 5 + -2. What is the highest common factor of b and w?
3
Let m(t) be the second derivative of t**4/4 + t**3 + 3*t**2 + 5*t. Let n be m(-7). What is the highest common divisor of n and 37?
37
Let y be 21/(-28)*(-24 + 0). Let c be (-1)/(1 - (-15)/(-12)). Let g = c + -2. Calculate the highest common factor of y and g.
2
Let d(k) = -k**3 + k**2 + k + 483. Let j be d(0). Suppose 0 = -5*t + j - 138. Let v(w) = w + 13. Let q be v(10). What is the greatest common factor of t and q?
23
Let w(l) = 37*l**2 + 2*l. Let y be w(2). Suppose -2*v + y = -262. Calculate the greatest common divisor of 23 and v.
23
Let x(j) = -6*j**3 - 2*j**2 - 2*j + 2. Let u be x(-4). Suppose 3*s = m + 271, s + 2*m + u = 5*s. What is the highest common factor of 10 and s?
10
Let y be 1*-2 + 4 + -5. Let p be 7 - (-2 + (-12)/y). Suppose 96 = p*f - 2*f. Calculate the greatest common factor of f and 4.
4
Let n be (18/8)/((-6)/(-64)). Calculate the greatest common divisor of n and 3.
3
Suppose q + 4*q = 0, 3*x - 15 = 4*q. Calculate the highest common divisor of 5 and x.
5
Suppose -g + 0 = -5. Suppose -4*u - k - 9 = -0*k, -g*u = 2*k + 15. Let f be u + 5 - (-1 + 1). What is the greatest common factor of 16 and f?
4
Suppose 3*n = 135 - 39. What is the greatest common divisor of n and 80?
16
Let o(x) = x**2 + 10*x + 13. Let v be o(-10). Let n(k) = 2*k - 6. Let w be n(v). What is the greatest common factor of w and 5?
5
Let o = 139 - -65. Let b be (-18)/(2/(o/(-9))). Let m = 358 - b. Calculate the greatest common divisor of 22 and m.
22
Suppose 3 = 3*a + 6. Let b = 1 + a. Suppose 0 = -2*z - b*z + 44. Calculate the highest common factor of 55 and z.
11
Let p be (-135)/(-18)*84/10. Let d be (0 + 12)/(2/7). What is the greatest common divisor of d and p?
21
Let w = -10 - -15. Suppose 7*g - w*g = 24. Calculate the greatest common divisor of 4 and g.
4
Let g(r) = -r**3 + 9*r**2 - 9*r + 1. Let x be g(8). Let k = 8 + x. Calculate the greatest common divisor of k and 1.
1
Let x = -1 + 2. Suppose z = x + 2. Suppose z*d = 40 + 26. Calculate the highest common divisor of 2 and d.
2
Suppose -66 - 172 = k. Let g be 10/55 - k/22. Calculate the highest common factor of g and 44.
11
Let r = -12 + 17. Suppose -3*w + r*w - 22 = -3*x, -3*x + 2*w = -14. What is the highest common factor of x and 9?
3
Let z be (-2 + 0 + 0)*-8. Calculate the highest common divisor of z and 32.
16
Let c be (-35)/(-2 - (1 + -2)). What is the greatest common divisor of 35 and c?
35
Let z = -38 + 70. Suppose -157 + z = -5*w. What is the greatest common divisor of 5 and w?
5
Suppose 2*t - 50 = 10. What is the greatest common factor of t and 45?
15
Let v be (8 - -17) + (3 - 1). What is the highest common divisor of v and 117?
9
Suppose -20 = -5*f - g, -5*f + 3*g = -2*g - 50. Suppose 821 = f*s - 4*t, 169 = 3*s - 2*s + 4*t. Calculate the greatest common divisor of s and 15.
15
Suppose 0 = -0*d - 2*d - 2*w + 30, 2*d = 3*w + 15. Calculate the highest common factor of 30 and d.
6
Suppose -1891 = 2*j - 1907. Suppose 0*b - v + 58 = b, 176 = 3*b + 4*v. What is the highest common divisor of b and j?
8
Let u(c) = -c**3 - 12*c**2 - 3*c + 8. Let f be u(-13). What is the greatest common divisor of f and 27?
27
Let g = -21 - -10. Let b = g + 24. Let m(c) = -5*c**3 + c**2 - 1. Let i be m(-3). Calculate the greatest common divisor of i and b.
13
Suppose 0 = 3*o - 15 - 18. Calculate the highest common factor of 22 and o.
11
Suppose 12 = -5*j - 28. Let p be 2/j - (-975)/12. Suppose -5*f + p = 3*l, -3*l - 39 = 4*f - 7*f. Calculate the greatest common factor of f and 3.
3
Suppose -5*o + 46 = -79. Calculate the greatest common divisor of o and 100.
25
Let n = -2 + 27. Calculate the greatest common divisor of 175 and n.
25
Let q(a) = -a**2 + 7*a + 11. Let x be q(6). Let d = -39 + 73. What is the greatest common factor of d and x?
17
Let b be (-2 - -5)*(-20)/(-3). Suppose -2*r = 2*y - 206, -22 - 463 = -5*y + 5*r. What is the greatest common factor of y and b?
20
Let d = 8 - -8. What is the greatest common factor of 24 and d?
8
Let l(s) = -s - 9. Let f be l(-7). Let y = f + 11. What is the highest common factor of 81 and y?
9
Suppose 2*t - 5*b - 19 = 0, -5*t + 45 = 2*b - 46. Calculate the highest common divisor of t and 68.
17
Suppose -6*w = -5*w - 17. Calculate the greatest common factor of w and 34.
17
Suppose -42 = -w - 7. Let s be 4/(-10) + 644/w. What is the greatest common divisor of s and 2?
2
Suppose 4*y - 441 = 99. Let q = -19 + 46. What is the highest common factor of q and y?
27
Let s(a) = -16*a - 5. Let j be s(-2). Let w = -42 + 60. What is the highest common factor of j and w?
9
Suppose 0 = 5*v - s - 33, 2*v - 5*s + 3 = -10*s. Let y = v + -5. What is the highest common factor of 9 and y?
1
Let n(w) = -w - 3. Let j be n(-3). Suppose -4*y + 5*s = -28, j = 5*y + s - 5*s - 44. What is the highest common factor of y and 132?
12
Let l be ((-16)/(-4))/2 + 55. Let a = -24 + l. What is the greatest common divisor of a and 22?
11
Suppose -2*r + 5*f = -259, 5*r + 56 - 646 = f. Calculate the greatest common divisor of r and 26.
13
Let g be 275/10 + (-2)/4. Let q = 354 - 246. Calculate the greatest common factor of g and q.
27
Let k(r) = r**2 - r - 6. Let w be k(9). What is the highest common factor of 44 and w?
22
Suppose 4*n = -6*n + 330. Calculate the greatest common factor of n and 44.
11
Let p be (1*6)/(1 - 0). Let s = -3 + -1. Let o be (2/s)/(3/(-72)). What is the highest common factor of o and p?
6
Let n(i) = -i**2 + 4*i + 2. Let a be n(4). Suppose 0 = 4*k - c - 40, 4*c + 43 = k + a*k. Calculate the greatest common factor of k and 99.
9
Suppose 28 = 2*m - 5*j - 15, -m + 3*j = -23. What is the greatest common divisor of 154 and m?
14
Let i = 31 + -7. Calculate the greatest common factor of i and 8.
8
Suppose -5*b + 7 = -48. Suppose 2*d - 24 = -2*k + 32, 5*d - 185 = 4*k. Calculate the highest common divisor of b and d.
11
Let c = -79 - -113. What is the highest common factor of 170 and c?
34
Let q(t) = t**3 - 11*t**2 + 15. Suppose -3*v + d = -39, 2*v + d - 5 - 16 = 0. Let k = v - 1. Let j be q(k). What is the highest common divisor of j and 5?
5
Suppose -60 = -4*n - 12. What is the greatest common factor of 24 and n?
12
Let r be 26 + ((-12)/(-6))/(1 + 1). Calculate the greatest common divisor of r and 3.
3
Suppose -13*i - 364 = -20*i. What is the greatest common divisor of 156 and i?
52
Let n be (-328)/(-6) - -1 - 20/(-60). Suppose -o = -0*o - 7. Calculate the highest common divisor of o and n.
7
Let b = 181 - 302. Let l = b + 233. Suppose 2*m + 4*p - 61 + 21 = 0, 3*p - 38 = -2*m. What is the highest common factor of l and m?
16
Suppose -2*l + l = -42. Let p = 23 + -2. Calculate the greatest common divisor of p and l.
21
Suppose -3*h = -165 - 39. Suppose -h = -r + 4*u, -2*u - 49 = -3*r + 185. What is the highest common divisor of r and 10?
10
Suppose -5*p - 2*w = -9, w + 2*w = -2*p - 3. Let d = 36 - 15. What is the greatest common factor of p and d?
3
Suppose 0 = 5*x - u - 9 - 122, 2*u = -3*x + 89. Let w = 168 - 117. Let h = w - 33. Calculate the greatest common divisor of x and h.
9
Suppose 12*n - 1320 = 4*n. Calculate the greatest common factor of n and 15.
15
Let r(m) = -m**2